ber?
True
Suppose -2*l - 10*l + 48 = 0. Suppose -g = 0, -l*h + 4*g - 30 = -114. Is h composite?
True
Let j = 86 - 86. Suppose -y + 209 = 2*u - 4*y, j = -u - 4*y + 121. Is u composite?
False
Suppose -343*d = -324*d - 133969. Is d a prime number?
False
Let j be 5/(-5)*(0 + 0). Is -1 + 0 + 0 + (j - -1482) prime?
True
Let w = -1339 - -1876. Suppose -z - 5*d + w = -d, 0 = -5*z + 2*d + 2707. Is z a prime number?
True
Let f = -7 + 35. Suppose 3*t + 27 = -r, 5*r = 2*t - f - 39. Is (r/(-10))/((-1)/(-22)) a composite number?
True
Let o = -11 + 18. Is (0 - -167)/((-6)/o - -1) a composite number?
True
Suppose 10*f - 5*w = 5*f + 580, -3*f - 3*w = -366. Let i(x) = -10*x - 2. Let a be i(-3). Let g = f - a. Is g a prime number?
False
Is 15760 - -1 - 61/((-1586)/156) composite?
False
Suppose -a + 40 = 3*a. Let f(y) = -2*y**3 - 12*y**2 - 5 + a*y - 2*y**3 + 3*y**3. Is f(-13) prime?
False
Let b be (-1 - -4) + (736 - -10). Suppose -4*i = -5*p - 1576, 2*p + 839 = 4*i - b. Suppose -3*t = -132 - i. Is t a composite number?
True
Let b(j) = -j**2 - 1065. Let q be b(0). Is q/(-20) + (-2)/8 prime?
True
Let f(w) = w**2 - 9*w - 3. Let t be f(11). Suppose 3*y + 1 = t. Is 12/y*97/2 a composite number?
False
Suppose 3*j = 10 + 26. Let s be j - (-1 - -1)/2. Suppose -c + 6*z = z - s, -2*c - 4*z = -94. Is c prime?
True
Let o be (-3)/(12/(-20)) + 3. Suppose 6*t - 2*t = o, -x = -5*t - 45. Is x prime?
False
Suppose -2*g = 12 - 50. Let w = -16 + g. Suppose -w*x + 220 = x. Is x a prime number?
False
Let m = 167 - -431. Suppose 116 + 35 = r + 2*o, 2*o = -4*r + m. Is r prime?
True
Let y = 2134 - 1254. Suppose -5*i + b + 2221 = 4*b, 2*i - y = 3*b. Is i a composite number?
False
Suppose 4861 = -5*l + 22026. Let y = 5790 - l. Is y composite?
False
Suppose 2*t - q = 669, -3*q + 1007 = 3*t - q. Suppose -h = 2*i - 701, -20 = -i + 4*h + t. Suppose -5*y - i = -2*b, -b + y = 3*b - 657. Is b composite?
False
Suppose 8*i - 11811 = 10469. Is i composite?
True
Let w(n) = -46*n + 14. Let x be w(-6). Suppose 0 = 5*m + x - 1825. Is m prime?
True
Suppose 4*x - 7*x - 47844 = 0. Is x/(-16) + 5/4 + -1 composite?
False
Suppose 0*n - 4*n = -b - 3914, -3*n = 4*b - 2945. Is n prime?
False
Suppose -2*b + 50 = 8*b. Suppose -b*k + 4545 = -7*t + 11*t, -3*t + 3402 = -3*k. Is t a composite number?
True
Suppose 3*s = 668 + 61. Let q(u) = 177 + s - u + 19 - 6*u**2 + 5*u**2. Is q(0) a composite number?
False
Suppose 4*f + 23*f = 208143. Is f a composite number?
True
Let d be (-1802)/(((-27)/6)/9). Suppose 1200 = g - j, 0*j = 3*g + j - d. Is g composite?
False
Let r be (-2)/17 - 141400/(-238). Suppose -k + 2*b + 305 = 0, 2*k = -0*k - 4*b + r. Is k a composite number?
True
Let z = 88 + 153. Suppose -z = -5*u + 2094. Is u a prime number?
True
Let l(h) = h**3 - 6*h**2 + 7*h - 7. Suppose 0*q + 3 = -v + 2*q, 5*q - 1 = 2*v. Let g = -5 - v. Is l(g) composite?
True
Suppose 0 = 2*r + 6 - 10. Suppose 448 = r*z + 3*g - 52, -5*g = -5*z + 1275. Is z prime?
False
Let b(g) = -2641*g - 134. Is b(-7) a prime number?
True
Let u(h) be the third derivative of -1/30*h**6 + 0*h**4 - 1/3*h**3 + 0 + h**2 - 1/20*h**5 + 0*h. Is u(-3) composite?
False
Let b(p) = -7*p**2 + 8*p + 2. Let s(i) = -13*i**2 + 16*i + 3. Let u(r) = -11*b(r) + 6*s(r). Let o(f) = -f**3 + 3*f**2 + f + 2. Let m be o(3). Is u(m) prime?
True
Suppose -n = 2*w + 12, 3*n - 36 = w + 2*w. Is (348/w)/(2/(-4)) a prime number?
False
Let z(p) = p**2 + 3*p - 8. Let x be 126/(-27)*(-4 - -1). Suppose r + 0*u + x = -5*u, -u = -5*r - 44. Is z(r) composite?
True
Suppose 2*w - 2*x = 32, 5*w + 4*x = 39 + 23. Let d = -9 + w. Let n = d + 16. Is n a composite number?
True
Let u = -826 + 2009. Let f = 3374 - u. Is f a prime number?
False
Let h(n) = 4*n**2 - 20*n - 247. Is h(-22) a composite number?
False
Suppose 2*c = -c + 1899. Let h = 14 + -9. Suppose 2*x + c = h*x. Is x a composite number?
False
Suppose 5*x - 466 - 77114 = 0. Suppose 5*z - 11992 - 3522 = i, -i + x = 5*z. Is z a composite number?
True
Let o = 13817 + 6552. Is o composite?
False
Let y be (24/20)/((-2)/10). Let o be (153/y)/(1/1562). Is (-2)/(-16) + o/(-136) prime?
True
Suppose 0 = -13*k - 16068 + 57031. Is k prime?
False
Let t(g) = 621*g + 6. Let k(x) = 620*x + 5. Let r(m) = 5*k(m) - 4*t(m). Let y be r(5). Suppose y - 563 = 2*n. Is n a prime number?
True
Suppose r - 33121 = -1164. Is r prime?
True
Let y = 16 + -12. Suppose -q + y*q - 1923 = 0. Is q a composite number?
False
Suppose 4*z - 31 = -2*h + z, 5*h + 2*z - 83 = 0. Let p(m) = m**3 - 18*m**2 - 12*m + 21. Let t be p(h). Let g = t + 731. Is g a composite number?
True
Let p(z) = 15*z**3 - 5*z**2 - 3*z + 22. Is p(5) a composite number?
True
Let w be (2 - (-5 + 2)) + -3. Suppose 3*i - 24 = -i - 3*g, -w*i - g = -10. Suppose l + i*y = 3*l - 106, 0 = -2*y + 8. Is l composite?
False
Is (10154/1)/(17 - 23)*-3 a composite number?
False
Suppose -2*k = j + j - 18, -k = -2*j + 6. Suppose -2*r = 3*s + 2, k*r + 6 = -10. Suppose -s*l - 2*l = 4*m - 472, -591 = -5*l - 4*m. Is l a composite number?
True
Let y = 1631 - 213. Is y a prime number?
False
Let k(d) be the first derivative of 3*d**4/4 - 8*d**3/3 + 7*d**2/2 - 7*d + 27. Suppose 3*y + 1 = 16. Is k(y) composite?
True
Let c(t) = -546*t + 11. Is c(-3) a composite number?
True
Let y(i) = 59*i**2 + 59*i - 13. Is y(-6) prime?
False
Suppose -17*r + 12*r + 70025 = 0. Is r prime?
False
Suppose -4*p - 12 = 4, -4*o = 2*p - 12. Let g(n) = 24*n + 7. Is g(o) composite?
False
Suppose -4*w = 2*a + 2, 0 = -3*w + 2*a - 0*a + 16. Suppose -c = -w*v - 2327, -c + 2348 = 3*v + 2*v. Is c prime?
True
Let f(r) = 216*r + 229. Is f(13) prime?
True
Let f(i) = -2*i - 6. Let p be f(-4). Suppose -m - 578 = p*w, 5*m - 849 = 3*w + 2*m. Let k = 86 - w. Is k composite?
False
Suppose k + 2*f = -2*k + 27279, 0 = -3*k + f + 27270. Is k a composite number?
False
Let p(s) = -s**3 + s**2 - s - 1. Let c be p(3). Let o = 27 + c. Suppose o*i = -23 + 78. Is i prime?
True
Let a = 50867 + -25774. Is a composite?
True
Suppose -4*j + j + 3*x = -18, -x + 9 = 2*j. Suppose 4*d - 199 = -t, 141 = 3*d - j*t - 37. Is d composite?
True
Let l(j) = 21*j**3 - 8*j**2 - 9*j + 13. Is l(5) composite?
False
Let j be (311/2)/((-3)/12). Let o be ((-1144)/24)/((-1)/(-3)). Let n = o - j. Is n a prime number?
True
Suppose 19 - 1 = 3*h. Let z(i) = 3*i - 10. Let f be z(h). Is (106/2)/(f/24) composite?
True
Is (-5243055)/(-75) + -1*(-2)/(-5) prime?
False
Is -6*(-13361)/(-4)*(-2)/3 a prime number?
False
Let y(h) = -393*h - 139. Is y(-24) a prime number?
True
Let v = 54617 - 37086. Is v prime?
False
Let v = -27 - -29. Let g(x) = 460*x + 1. Is g(v) composite?
True
Suppose 20997 = 47*b - 38*b. Is b a composite number?
False
Suppose -b - 7*x + 2*x + 172 = 0, -4*b + 622 = -2*x. Is b composite?
False
Suppose -15*r - 5*r - 20 = 0. Is 321 + r - (8 + -7) composite?
True
Let t(f) = f + 17. Let l be t(-8). Suppose 51 = 6*c - l. Is c a prime number?
False
Suppose -3184 = -24*v + 8*v. Is v a prime number?
True
Let z = 181 + 112. Is z a prime number?
True
Let s be 20/(-130) + 82/26. Suppose 3*d - s*j = 633, -3*d + 2*j = j - 631. Suppose 5*y - d = -55. Is y a composite number?
False
Suppose 6*d - 129885 = -9*d. Is d composite?
True
Let o = -206 - -1323. Is o a prime number?
True
Suppose 5*v = 6*v + 18070. Let w = v - -8900. Is w/(-10) + 0 + 0 composite?
True
Let b(z) = -3*z**3 - 3*z**2 + 11*z - 19. Let g(c) = 4*c**3 + 5*c**2 - 16*c + 28. Let t be 98/21*(-6)/4. Let i(q) = t*b(q) - 5*g(q). Is i(6) prime?
True
Let a = 5389 + -2879. Is a/25*(-20)/(-8) composite?
False
Suppose 5*v = -10, -w - 864 = 2*v + 179. Let o = w + 2574. Is o composite?
True
Is 72072/6 + 1*(-20)/4 prime?
True
Let u(y) = 3*y**2 + 3*y - 2. Let a(s) = -4*s**2 - 2*s + 1. Let t(l) = -5*a(l) - 4*u(l). Is t(-4) a prime number?
True
Let p = -3928 - -5758. Suppose 3*f - 1737 = p. Is f prime?
False
Let p(t) be the second derivative of 7*t**4/6 - 5*t**2/2 + t. Let k be ((-9)/(-4) - 3)*4 - 1. Is p(k) a composite number?
True
Let b be 1*4/(-8)*-22. Let q = b - 10. Let i = 118 + q. Is i a composite number?
True
Suppose 2049 - 204 = 9*t. Is t prime?
False
Let p(s) = 18*s**2 - 31*s - 1. Is p(-8) a composite number?
False
Suppose 0 = 2*u - 3*n - 14015, -2*n + 29767 = 5*u - 5242. Is u prime?
False
Let s(k) = k**3 + 10*k**2 + 8*k + 6. Let a be s(-9). Suppose a*j - 742 = 1